 What is the units digit of o?
2
Suppose 3*a + 12 = 4*o + 2*a, 2*o - 6 = -4*a. Suppose 15 + o = 2*d. What is the tens digit of (-6)/(-4)*300/d?
5
Let o(v) = v - 14. Let r(x) = 3*x - 43. Let h(z) = 7*o(z) - 2*r(z). Let d be h(16). Suppose 2*y + 8 = -0*y, -184 = -5*g - d*y. What is the units digit of g?
0
Suppose -16*j = 185 - 6409. What is the units digit of j?
9
Suppose 2*a = 8*a - 72. Suppose 0 + 4 = -p. What is the tens digit of p/a + 219/9?
2
Let g be (-16)/72 + (-2684)/(-9). Suppose -z = -3*w - 120, w + g - 78 = 2*z. Suppose -4*t + z = -4*i, -t + 5*i + 33 + 10 = 0. What is the tens digit of t?
2
Let k = 5 - -4. Suppose -2*y - k = y. What is the units digit of (18 - (y - 0)) + -3?
8
Suppose -5*j = 5*u - 7480, -3*u + 4490 = 10*j - 9*j. What is the thousands digit of u?
1
Suppose 6*o + 20 = -22. Let i(w) = -w**2 - 8*w - 3. Let r be i(o). Suppose -19 - 9 = -r*y. What is the units digit of y?
7
Let k = -10 + -14. Let l = 104 + k. What is the units digit of l?
0
Let i(c) = 0 + 0 + 1. Let m(v) = v**2 + 11*v + 18. Let s(l) = -6*i(l) + m(l). What is the units digit of s(-13)?
8
Let v = -9 - -11. Suppose 4*s - 20 = 0, 0 = i + v*i + 3*s - 9. What is the units digit of i*(-9)/12*18?
7
Suppose 2*n + 60 = 3*r, 3*n = n + 6. What is the units digit of r?
2
Let g be 0/(-3) + -2 + 8. Suppose -125 = o - g*o + r, -10 = -2*r. Suppose -c + o = c. What is the units digit of c?
3
Let y(b) = b**3 + 11*b**2 - 5*b - 11. Let q(k) = -k**3 - k**2 + k + 1. Let l(c) = 2*q(c) + y(c). Let n = -18 + 26. What is the tens digit of l(n)?
3
Let i be 147 + 10/(-15)*-6. Suppose -3*c + 44 = -i. What is the units digit of c?
5
Suppose 6 = -2*c + 4*c. Suppose 0 = 3*v + 4*n - 2, -3 = -c*v - 2*n - n. Suppose v - 8 = -l. What is the units digit of l?
6
Let g be ((-4)/(-2) + -3)/(2/188). Let w = g - -146. What is the units digit of w?
2
Suppose -7*p - y = -2*p - 38, p = -5*y - 2. Suppose p*q - 466 = -106. What is the units digit of q?
5
What is the hundreds digit of ((-5901)/18 - 2)*(-16 + 10)?
9
Let h be 7/(-14) + 578/(-4). Let z = 233 + h. What is the units digit of z?
8
Suppose -8*d = -3*d + 195. Let o = 94 + d. What is the units digit of o?
5
Let n = 82 + -56. Suppose q = 32 + n. What is the units digit of q?
8
Let y = 2 + -2. Suppose -2*m - 4 = -3*m. Suppose 3*a - v - 66 = -y*a, -m*v = -12. What is the units digit of a?
3
Let k = 798 - 243. Suppose -5*a - 713 = -4*r, -k = -3*r - 2*a - a. What is the units digit of r?
2
Let n = -565 + 1193. Suppose 5*p - 3*c - 757 = n, -5*p + 2*c + 1380 = 0. What is the tens digit of p?
7
Suppose -5*s + 4*q + 55 = 9, 0 = q + 4. Suppose 0 = -4*m - d + 89, -s*m + 3*m - 3*d = -78. What is the units digit of m?
1
Let c(x) = -x**2 + 4*x + 7. Let n = 34 + -24. Let g be (-15)/n*24/(-9). What is the units digit of c(g)?
7
What is the tens digit of 56/16*(-1068)/(-21) + 1?
7
Let t(k) be the first derivative of k**2/2 + 11*k + 2. Let n be t(-5). Suppose 6 + n = l. What is the tens digit of l?
1
Let s be ((-45)/6)/(2/(-24)). Let n = s - 46. What is the units digit of n?
4
Let h be (-1 + -1)/((-16)/(-24)). Let y be -11*(3 - (-3)/h). Let m = y - -38. What is the units digit of m?
6
Suppose 6*b - 1605 = 711. What is the units digit of b?
6
What is the units digit of -4 - (-136)/40 - 5908/(-5)?
1
Suppose 4*l = 5*l - 4. Let t(h) = -27*h**3 + 2*h**2 + h. Let n be t(-1). Suppose -5*g - l*p + 101 = 0, -4*g = -2*p - 88 + n. What is the units digit of g?
7
Let l(p) = -2*p**3 - 8*p**2 + 5*p + 7. Let a be l(-4). Let c(i) = -i**3 - 13*i**2 - 3*i - 7. What is the units digit of c(a)?
2
Let z(n) = -51*n + 2. Let y = 4 + -6. What is the hundreds digit of z(y)?
1
Let v = 3 + -4. What is the units digit of ((-12)/15)/(v/300)?
0
Let h = -113 - -167. Let q(b) = b**3 + b**2 + 30. Let k be q(0). Let m = h - k. What is the units digit of m?
4
Let t(n) = -5 - 4*n**3 - 49*n - 12*n**2 - 3*n**3 + 37*n + 6*n**3. What is the units digit of t(-11)?
6
Let t be (-111 - 9)*(-2)/4. Let n = t + -3. What is the units digit of n?
7
Let g(w) = -w - 26. Let p be g(-11). What is the units digit of 894/9 - ((-65)/p - 4)?
9
Suppose -4*m - 4*s + 7968 = 0, 4*m - 2*m - 5*s - 3970 = 0. What is the units digit of m?
0
Suppose u + h = -2*u + 424, -2*u + 286 = 4*h. Let n = u + -78. What is the tens digit of n?
6
Let b(i) = 2*i**3 - 7*i**2 + 4*i - 2. Let o(g) = 3*g**3 - 14*g**2 + 9*g - 3. Let f(a) = 5*b(a) - 3*o(a). What is the tens digit of f(-6)?
7
Let g = -1016 - -1113. What is the tens digit of g?
9
Let d(t) = 12*t. Let w be d(-1). Let i = w - -50. Let z = -4 + i. What is the tens digit of z?
3
Suppose -2*b - 2*s + 3*s + 1 = 0, 5*b = -2*s - 2. Suppose 10*p - 7*p - 123 = b. Let z = p - 21. What is the units digit of z?
0
Suppose -n - n = -4. Suppose 4*p = -p + 2*l + 2, -n*l - 2 = p. Suppose 0 = 5*j - p*j - 260. What is the tens digit of j?
5
Suppose -559 = -z - 5*u, -u - 629 + 3424 = 5*z. What is the units digit of z?
9
Let p(x) = x**3 - 8*x - 3. Let f be p(7). Suppose -4*r = -3*l - 376, -3*r - 2*l + f - 2 = 0. What is the units digit of r?
4
Suppose 1574 = 2*g - 0*p + p, -g = -2*p - 797. What is the units digit of g?
9
Let r(c) = -4*c - 8. Let l be r(-3). Suppose 4*y = -4*j + 140, -l*j = -j + 5*y - 99. What is the tens digit of j?
3
Suppose -10*j + 244 = 64. Suppose 5*w - j - 407 = 0. What is the tens digit of w?
8
Let p = 902 - 449. What is the tens digit of p?
5
Suppose -4476 = -4*g + 2*j, 0 = -g + 3*j - 507 + 1621. What is the thousands digit of g?
1
Let m = 32 - 2. Let i = -28 + m. Suppose -i*n + 4*n = 24. What is the units digit of n?
2
Let v be ((-4)/6)/((-2)/27*-1). Let o(i) = 3*i**2 + 8*i + 32. What is the tens digit of o(v)?
0
Let i(v) = 13*v**2 + 33*v + 80. What is the units digit of i(-11)?
0
Suppose -2*f = -6*f. Suppose -4*v - 12 = f, c - 2*v = -3*c - 6. Let d(k) = -18*k - 8. What is the units digit of d(c)?
6
What is the units digit of (-1)/(10/2235)*10/(-15)?
9
Let d be 7 + -1 + 3/(-1). Let g be 109/3 - 1/d. Let y = g + -11. What is the tens digit of y?
2
Suppose 0 = -50*s + 43*s + 21. What is the tens digit of ((-1)/s - -3)/(8/228)?
7
Let q = 39 - 17. Suppose -4*a + 62 = q. Suppose -6*c + a*c = 32. What is the units digit of c?
8
Let g be 0 - 8/(-2) - 138/69. What is the tens digit of (g + -2 - 1) + 167/1?
6
Suppose 0 = -4*b - 27*s + 31*s + 2920, 3*b = -4*s + 2183. What is the hundreds digit of b?
7
Suppose 3*z + 5*q = 3842, 0 = 2*z - 4*q + 3*q - 2544. What is the units digit of z?
4
Suppose -8*o + 171 = -29. What is the tens digit of o?
2
Suppose 0 = -3*f - 2*d + 1959, 0 = -2*f + 24*d - 22*d + 1296. What is the tens digit of f?
5
Let o(s) be the second derivative of s**5/60 - 5*s**4/12 + 5*s**3/2 - s**2/2 - 5*s. Let n(d) be the first derivative of o(d). What is the tens digit of n(10)?
1
Let u be 37 - (-2 + 3) - 0. Suppose m = -4, -164 = -w + 4*m - u. What is the units digit of w?
2
Let u(f) = -f + 17. Let o be u(12). Suppose 3*z + o*d - 2*d = 285, 3*z - 5*d = 245. Suppose -4*m + z + 14 = 0. What is the tens digit of m?
2
What is the units digit of -1 - (22280/(-35) - 4/(-7))?
5
Suppose -s - 205 = -62. Let k = -85 - s. What is the units digit of (-2 - (3 - 2)) + k?
5
Let o(q) = q**2 + 8*q + 4. Let p be o(-8). Let z(b) = 5*b**2 - 3*b - 6. What is the units digit of z(p)?
2
Let s(f) = 6*f + 2. Let u be s(9). Suppose u = z + 3*a - 65, -a = -z + 105. What is the tens digit of z?
0
Let k = 30 + -452. What is the units digit of 2/(-4)*k - (-1 - -5)?
7
Suppose -149*w + 202686 = -83*w. What is the thousands digit of w?
3
Suppose -4*q + p = -0*p - 1428, -q + p = -360. What is the tens digit of q?
5
What is the tens digit of (5/25 - 6078/(-10)) + 5?
1
Let u = 20 - 15. What is the tens digit of 31 + u/((-10)/4)?
2
What is the hundreds digit of (-8296)/(-2) + -8 - -1?
1
Let y(z) = -z**2 - z + 14. Let g be y(0). Let a(b) = 15 - g - 4*b**3 + 3*b**3 - 2*b**2. What is the tens digit of a(-3)?
1
Suppose 8*c - 175 + 39 = 0. Suppose 3*d - 202 = c. What is the units digit of d?
3
Let c(x) = 5*x + 9. Let o be c(-2). Let k(n) = 22*n**2 - 5. Let j(r) = -22*r**2 + r + 4. Let h(v) = -3*j(v) - 2*k(v). What is the units digit of h(o)?
3
Let z(v) = -16*v**3 - 2*v**2 + v. Let y be z(-2). What is the tens digit of (9/(-18))/((-1)/y)?
5
Let j(h) = -h**3 + 12*h**2 - 5*h - 15. Let f be j(11). Suppose 108 = f*v - 49*v